Language / Sprog: 

NOAA-rapporter

Vælg et års eller en måneds rapport
V/Λ2022 > Jan Feb Mar Apr Maj Jun Jul Aug Sep Okt Nov Dec
V/Λ2021 > Jan Feb Mar Apr Maj Jun Jul Aug Sep Okt Nov Dec
V/Λ2020 > Jan Feb Mar Apr Maj Jun Jul Aug Sep Okt Nov Dec

Rapport for 2022 Apr
                   Monthly Climatological Summary for apr 2022

Name: Korsholm   City: Hals   State: Denmark
Elevation: 4 m  Lat: N 56° 59' 39"   Lon: E 010° 19' 16"

                  Temperature (°C), Rain (mm), Wind Speed (m/s)

                                      Heat  Cool        Avg
    Mean                              Deg   Deg         Wind                 Dom
Day Temp  High   Time   Low    Time   Days  Days  Rain  Speed High   Time    Dir
----------------------------------------------------------------------------------
01   1,1   5,6   14:55  -3,4   05:56  17,2   0,0   0,0   1,7   7,6   10:11   NNØ
02   1,2   5,8   15:29  -3,6   06:26  17,1   0,0   0,0   0,9   5,8   10:00    NØ
03   4,2   8,9   13:56  -1,2   04:57  14,2   0,0   1,8   1,9   8,5   17:12     V
04   5,0   7,8   13:33   2,4   23:02  13,3   0,0  13,0   3,7  13,0   10:53   VSV
05   3,6   7,2   13:38  -0,3   06:16  14,7   0,0   0,0   1,9   9,8   14:28   VNV
06   4,0   8,9   16:22   0,8   07:46  14,3   0,0   9,6   2,3   9,8   11:43     S
07   5,7   8,7   15:44   2,4   23:04  12,6   0,0   7,6   2,3  10,7   22:34   SSV
08   2,9   6,3   17:36   0,6   06:47  15,4   0,0   2,2   2,1   8,5   00:23   VNV
09   5,0   8,2   14:35   0,7   00:21  13,3   0,0   0,0   2,8  12,1   13:02   VNV
10   5,3   7,9   14:33   2,9   23:53  13,0   0,0   0,0   3,1  10,7   15:47   VNV
11   5,2   9,4   13:55   0,2   23:59  13,1   0,0   0,0   1,5   7,2   11:15   VNV
12   3,9   8,6   18:02  -3,1   06:16  14,3   0,0   0,0   1,2   6,3   12:12   ØSØ
13   7,8  11,3   17:40   5,7   05:00  10,5   0,0   0,0   2,6   9,8   11:13   ØSØ
14   8,1   9,3   00:00   6,4   23:43  10,2   0,0   1,8   1,1   6,3   23:34    NV
15   6,2  10,4   19:18   0,8   23:11  12,1   0,0   0,0   2,0   8,0   06:26   NNØ
16   6,3  13,1   15:21  -1,5   06:23  12,0   0,0   0,2   0,9   6,7   17:44   VNV
17   7,0  11,3   14:43   0,1   06:29  11,3   0,0   0,0   1,5   6,7   16:46    SØ
18   7,0  12,6   17:02  -0,2   06:00  11,3   0,0   0,0   0,7   4,5   14:52   ØSØ
19   7,4  15,2   17:33  -0,5   04:24  10,8   0,0   0,0   1,2   6,7   12:55   NNØ
20  10,9  15,3   17:27   6,2   02:25   7,4   0,0   0,0   2,3   8,5   17:34   NNØ
----------------------------------------------------------------------------------
     5,4  15,3    20    -3,6     2   258,1   0,0  36,2   1,9  13,0     4     VNV

Max >=  27,0  0
Max <=   0,0  0
Min <= -18,0  0
Min <=   0,0  8
Max Rain: 13,0 on day 4
Days of Rain: 7 (>= 0,2 mm)  4 (>= 2,0 mm)  0 (>= 20,0 mm)
Heat Base: 18,3  Cool Base: 18,3  Method: Integration