NOAA-rapporter
Vælg et års eller en måneds rapport
Rapport for 2024 Apr
Monthly Climatological Summary for apr 2024 Name: Korsholm City: Hals State: Denmark Elevation: 4 m Lat: N 56° 59' 39" Lon: E 010° 19' 14" Temperature (°C), Rain (mm), Wind Speed (m/s) Heat Cool Avg Mean Deg Deg Wind Dom Day Temp High Time Low Time Days Days Rain Speed High Time Dir ---------------------------------------------------------------------------------- 01 7,3 10,3 18:51 4,0 07:45 11,0 0,0 4,8 2,3 8,5 17:09 NNØ 02 3,0 7,7 00:02 0,3 21:05 15,3 0,0 13,0 4,0 13,9 11:28 NNØ 03 1,7 3,6 16:02 0,1 06:32 16,6 0,0 1,4 2,0 8,5 22:00 NØ 04 4,2 5,6 18:25 2,6 00:00 14,1 0,0 11,0 5,6 13,0 11:09 ØSØ 05 6,3 9,6 20:53 4,5 08:18 12,0 0,0 9,8 2,2 10,3 23:33 S 06 8,0 11,0 18:21 6,3 06:44 10,3 0,0 0,0 2,0 10,7 00:32 SØ 07 11,8 15,9 13:31 8,1 04:47 6,5 0,0 5,4 3,1 10,3 11:18 SSV 08 11,1 17,4 15:21 7,4 06:21 7,2 0,0 0,0 1,8 7,2 12:53 S 09 9,1 11,1 16:56 7,5 02:09 9,2 0,0 5,0 1,4 8,5 14:45 SØ 10 8,8 10,7 14:35 6,2 23:16 9,5 0,0 0,2 3,9 12,1 12:39 SV 11 10,6 15,6 15:26 6,4 00:00 7,7 0,0 0,8 3,7 10,7 13:05 SV ---------------------------------------------------------------------------------- 7,4 17,4 8 0,1 3 119,4 0,0 51,4 2,9 13,9 2 SSØ Max >= 27,0 0 Max <= 0,0 0 Min <= -18,0 0 Min <= 0,0 0 Max Rain: 13,0 on day 2 Days of Rain: 9 (>= 0,2 mm) 6 (>= 2,0 mm) 0 (>= 20,0 mm) Heat Base: 18,3 Cool Base: 18,3 Method: Integration